b(g) = -5*g**2 - 320*g - 1987. Give b(-7).
8
Let g(k) = -k**2 + 43*k + 574. What is g(52)?
106
Let d(u) = 23942*u + 119711. Give d(-5).
1
Let v(d) = -d**2 - 20*d + 92. Determine v(4).
-4
Let g(y) = 4*y**2 - 222*y - 115. Calculate g(56).
-3
Let g(j) = 18*j**2 + 28*j + 4. Give g(-2).
20
Let a(j) = j**3 - 2*j**2 - 6*j + 42. What is a(7)?
245
Let p(i) = 917*i + 27551. What is p(-30)?
41
Let s(r) = 205*r - 5962. Determine s(29).
-17
Let a(i) = i**3 + 35*i**2 + 261*i + 352. Give a(-8).
-8
Let i(d) = 9*d**2 - 161*d + 251. Determine i(16).
-21
Let j(c) = 14*c**3 + 48*c**2 - 5*c - 4. Calculate j(-4).
-112
Let l(n) = -5*n + 79. Calculate l(7).
44
Let p(y) = -6*y**3 - 2*y**2 - 2*y + 5. Determine p(3).
-181
Let b(z) = -676*z - 2697. Calculate b(-4).
7
Let y(o) = 5*o**2 - 129*o + 415. Give y(22).
-3
Let o(y) = 4*y**2 + 4*y + 206. Determine o(0).
206
Let a(d) = d**2 - 12*d + 32. Calculate a(18).
140
Let b(x) = -3*x**3 + 34*x**2 + 26*x + 39. Give b(12).
63
Let r(n) = 72*n - 3448. Calculate r(49).
80
Let x(k) = 31*k**2 - 34*k + 83. Give x(3).
260
Let h(m) = -2*m**3 + 10*m**2 + 17*m - 16. Determine h(10).
-846
Let o(t) = 11*t**2 + 746*t - 123. Calculate o(-68).
13
Let n(c) = c**2 - 26*c + 10. Calculate n(26).
10
Let r(m) = -227*m + 9487. Give r(42).
-47
Let l(y) = 6*y**2 + 131*y + 10. What is l(-21)?
-95
Let j(w) = -w**3 - 13*w**2 - 17*w + 20. Determine j(-11).
-35
Let c(m) = -365*m + 1083. Give c(3).
-12
Let i(r) = r**3 + r**2 + r + 63. What is i(0)?
63
Let h(z) = -z**3 - 42*z**2 - 248*z - 85. Determine h(-35).
20
Let n(r) = -21*r**2 + 5*r + 13. What is n(4)?
-303
Let x(g) = -3*g**3 - 3*g - 153. Determine x(0).
-153
Let f(v) = 62*v**3 + v**2 - 13*v + 4. Give f(2).
478
Let t(z) = -8*z**3 - 6*z**2 - 2*z + 8. What is t(-3)?
176
Let d(j) = j**3 - 8*j**2 - 15*j + 141. Calculate d(6).
-21
Let m(k) = k**2 + 9*k - 1985. Give m(40).
-25
Let s(l) = l**3 + 12*l**2 + 37*l + 446. Calculate s(-12).
2
Let s(o) = -o**3 + 106*o**2 + 433*o + 782. What is s(110)?
12
Let y(n) = -11*n - 123. Calculate y(-12).
9
Let t(n) = -n**3 - 13*n**2 - 31*n + 1. What is t(-10)?
11
Let b(p) = 12*p**2 - 17*p - 36. Calculate b(-3).
123
Let b(s) = -s**3 - 16*s**2 + 2*s + 551. Calculate b(-9).
-34
Let s(z) = -z**3 + 3*z**2 + 34*z - 13. Give s(-6).
107
Let j(w) = -w**3 - 17*w**2 + 63*w + 61. Determine j(-20).
1
Let u(m) = -7*m**3 - 224*m**2 - 2*m - 45. Calculate u(-32).
19
Let i(p) = 64*p - 815. Calculate i(13).
17
Let r(k) = -4505*k + 36112. Calculate r(8).
72
Let b(s) = 2*s**2 - s - 1803. Give b(30).
-33
Let f(k) = 119*k**3 + k**2 - 8. What is f(-2)?
-956
Let v(r) = -r**2 - 64*r + 35. What is v(-65)?
-30
Let y(o) = 435*o + 3047. Calculate y(-7).
2
Let i(m) = -711*m + 19195. Determine i(27).
-2
Let f(k) = k**3 + 20*k**2 + 71*k - 262. Calculate f(-13).
-2
Let l(r) = r**3 + 53*r**2 - 112*r - 110. Calculate l(-55).
0
Let m(i) = i**3 - 19*i**2 + 109*i + 6. Give m(11).
237
Let y(i) = -2*i**2 - 22*i - 24. Determine y(-11).
-24
Let a(y) = -3723*y + 11183. Give a(3).
14
Let s(j) = j**3 - 18*j**2 + 84*j - 29. Calculate s(9).
-2
Let m(c) = 2*c**3 + 9*c**2 - 25*c - 39. Calculate m(-6).
3
Let o(m) = -m**3 - 9*m**2 + 13*m + 17. What is o(-6)?
-169
Let r(v) = v**3 + 58*v**2 + 638*v - 184. Give r(-43).
117
Let i(o) = o**3 - 9*o**2 - 35*o - 16. Determine i(12).
-4
Let v(p) = -35*p**2 + 132*p + 12. Calculate v(3).
93
Let s(c) = 56*c + 5696. Determine s(-102).
-16
Let j(f) = 127*f - 975. Calculate j(6).
-213
Let x(n) = 2*n**2 - 1087*n - 58070. What is x(-49)?
-5
Let l(k) = k**3 + 37*k**2 - 36*k + 98. What is l(-38)?
22
Let i(a) = 3*a**3 - 63*a**2 - 45*a - 4. Give i(22).
458
Let j(x) = 47*x - 505. Determine j(9).
-82
Let d(m) = 66*m**3 - 5*m**2 - m + 3. Calculate d(-1).
-67
Let x(k) = -5*k**2 - 40*k - 2. Calculate x(-2).
58
Let p(q) = -q**2 - 48*q + 93. Calculate p(-50).
-7
Let q(l) = 285*l + 588. What is q(-2)?
18
Let g(c) = -28*c + 109. Calculate g(7).
-87
Let s(p) = -9*p**3 + 13*p**2 + 10*p - 25. Give s(1).
-11
Let d(t) = -t**3 - 9*t**2 + 25*t + 24. Determine d(-11).
-9
Let k(v) = -29*v**3 + 176*v**2 + 30*v - 248. Determine k(6).
4
Let b(c) = -18*c**2 - 116*c - 185. Determine b(-4).
-9
Let j(k) = -158*k + 139. Give j(3).
-335
Let a(s) = 70*s - 317. What is a(5)?
33
Let h(a) = -a**3 - 6*a**2 + 18*a - 16. Calculate h(-8).
-32
Let b(l) = -12*l + 557. Give b(49).
-31
Let d(k) = 8*k + 7. Determine d(-2).
-9
Let h(u) = 56*u**3 + 840*u**2 + 3*u + 26. Calculate h(-15).
-19
Let j(k) = k**2 - 28*k + 110. Calculate j(24).
14
Let u(p) = p**2 - 42*p + 65. Calculate u(40).
-15
Let p(v) = v**2 + 21*v - 238. What is p(-29)?
-6
Let d(n) = -80*n + 23. Calculate d(-1).
103
Let r(d) = 42*d + 3143. Give r(-75).
-7
Let u(m) = 3*m**3 + 3*m - 2. Give u(1).
4
Let a(g) = 8*g + 64. Give a(-5).
24
Let v(w) = 2*w**2 - 803*w - 9938. Give v(-12).
-14
Let t(q) = q**3 + 60*q**2 - 127*q - 150. Determine t(-62).
36
Let o(s) = -8*s + 153. Calculate o(28).
-71
Let v(y) = -27*y**2 + 172*y - 173. Calculate v(1).
-28
Let m(n) = -n**3 - 22*n**2 - 55*n + 20. What is m(-19)?
-18
Let v(w) = -43*w + 9. Calculate v(-8).
353
Let g(j) = -24*j - 107. Give g(12).
-395
Let r(n) = -n**2 + 50*n - 491. Give r(13).
-10
Let n(q) = -q**2 - 68*q - 901. What is n(-49)?
30
Let t(r) = -27*r + 193. What is t(0)?
193
Let a(w) = -w**3 + 84*w**2 + 545*w - 459. What is a(90)?
-9
Let q(p) = p**3 - 12*p**2 + 22*p + 17. Determine q(10).
37
Let u(k) = 168*k - 7. Calculate u(0).
-7
Let p(v) = 24*v**2 - 3*v + 1. Calculate p(2).
91
Let h(c) = c**3 + 15*c**2 - 187*c + 11. Determine h(8).
-13
Let l(s) = -s**3 + 14*s**2 - 34*s - 106. What is l(7)?
-1
Let a(n) = 1154*n - 1126. Give a(1).
28
Let y(t) = -t**3 - 41*t**2 + 44*t + 111. Give y(-42).
27
Let l(h) = -2*h**2 - 282*h - 9302. Give l(-88).
26
Let n(b) = -b**3 - 23*b**2 - 15*b - 9. Give n(-20).
-909
Let m(k) = -k**2 - 10*k - 7. Determine m(8).
-151
Let i(o) = -40*o + 2. What is i(7)?
-278
Let q(r) = 410*r**2 - 2467*r + 9. Determine q(6).
-33
Let f(g) = -45*g - 546. What is f(-12)?
-6
Let d(g) = 2*g**3 - 38*g**2 - 32*g + 25. Give d(20).
185
Let b(x) = -29*x + 776. Calculate b(27).
-7
Let y(d) = -33*d**2 + 43*d - 45. Calculate y(1).
-35
Let n(y) = y**2 + 213*y + 11365. Give n(-103).
35
Let t(s) = 160*s. Give t(-3).
-480
Let b(c) = -c**2 - 4*c + 248. Determine b(-18).
-4
Let y(h) = 11*h**2 - 9*h - 9. Calculate y(-2).
53
Let f(g) = -g**2 + 24*g - 107. Calculate f(17).
12
Let x(k) = k**3 + 29*k**2 + 101*k - 60. Give x(-25).
-85
Let w(h) = -h - 18. What is w(8)?
-26
Let f(w) = -w**3 - 6*w**2 - 55*w - 142. What is f(-3)?
-4
Let p(h) = 19*h**2 - 1421*h - 303. What is p(75)?
-3
Let u(i) = -153*i - 1981. Give u(-13).
8
Let l(t) = 2*t**2 + 79*t - 726. Determine l(8).
34
Let r(b) = -b**2 - 274*b - 1342. Give r(-5).
3
Let q(p) = -p**2 - 9*p + 34. What is q(-9)?
34
Let q(g) = -4*g**2 - 29*g + 24. Give q(-8).
0
Let t(r) = -r**2 + 8*r + 406. Give t(13).
341
Let x(i) = -252*i + 1757. Give x(7).
-7
Let z(y) = y**2 - 27*y + 36. Give z(26).
10
Let x(v) = v**3 + 186*v**2 + 368*v - 1. What is x(-2)?
-1
Let i(b) = -b**3 - 3*b**2 - 3*b - 26. What is i(-4)?
2
Let u(n) = n**2 + 60*n + 631. Give u(-13).
20
Let v(u) = -u**3 - 17*u**2 + 67*u + 561. Calculate v(-19).
10
Let i(k) = k**3 + 5*k**2 - 41*k - 134. Give i(-8).
2
Let k(s) = -s**3 + 32*s**2 + 96*s - 946. What is k(34)?
6
Let g(r) = -r**2 - 130*r - 1398. Give g(-12).
18
Let i(c) = c**3 + 54*c**2 + 663*c - 40. Calculate i(-19).
-2
Let d(h) = 4*h**2 - 110*h + 9. Give d(29).
183
Let m(p) = p**3 - 4*p**2 - 672*p + 19. Determine m(28).
19
Let x(b) = b**2 + 20*b + 99. What is x(-11)?
0
Let o(p) = -3*p**3 - 114*p**2 - 163*p - 1926. What is o(-37)?
-2
Let t(v) = 5*v**2 - 24*v + 5. Give t(5).
10
Let z(q) = -6547*q + 150578. Calculate z(23).
-3
Let r(n) = 5*n**3 + 407*n**2 + 163*n + 172. Give r(-81).
91
Let w(s) = -s**2 + 11*s - 103. Give w(6).
-73
Let s(h) = -h**3 - 58*h**2 - 439*h + 117. Give s(-49).
19
Let l(y) = 2*y + 83. What is l(-41)?
1
Let x(v) = 51*v**2 + 17*v + 2. Determine x(-2).
172
Let l(j) = -j**2 + 5*j + 19. What is l(10)?
-31
Let o(v) = 5*v**2 + 16*v + 19. What is o(-1)?
8
Let g(m) = 4242*m - 89079. What is g(21)?
3
Let g(o) = 5*o + 49. Give g(16).
129
Let v(y) = -142*y - 13306. Calculate v(-93).
-100
Let g(c) = 2*c**3 - 6*c**2 + c - 16. Give g(4).
20
Let f(p) = -p**2 + 11*p + 2. Calculate f(7).
3